{"id":416,"date":"2026-04-20T22:42:19","date_gmt":"2026-04-20T22:42:19","guid":{"rendered":"https:\/\/isometradg.com\/tacosenhojate\/?page_id=416"},"modified":"2026-04-21T03:21:19","modified_gmt":"2026-04-21T03:21:19","slug":"nosotros","status":"publish","type":"page","link":"https:\/\/isometradg.com\/tacosenhojate\/nosotros\/","title":{"rendered":"Nosotros"},"content":{"rendered":"\t\t<div data-elementor-type=\"wp-page\" data-elementor-id=\"416\" class=\"elementor elementor-416\" data-elementor-post-type=\"page\">\n\t\t\t\t<div class=\"elementor-element elementor-element-9c492f9 e-flex e-con-boxed e-con e-parent\" data-id=\"9c492f9\" data-element_type=\"container\" data-e-type=\"container\">\n\t\t\t\t\t<div class=\"e-con-inner\">\n\t\t<div class=\"elementor-element elementor-element-bce201e e-con-full e-flex e-con e-child\" data-id=\"bce201e\" data-element_type=\"container\" data-e-type=\"container\">\n\t\t<div class=\"elementor-element elementor-element-319528c e-con-full e-flex elementor-invisible e-con e-child\" data-id=\"319528c\" data-element_type=\"container\" data-e-type=\"container\" data-settings=\"{&quot;animation&quot;:&quot;fadeIn&quot;}\">\n\t\t\t\t<div class=\"elementor-element elementor-element-d3c4f64 elementor-widget elementor-widget-image\" data-id=\"d3c4f64\" data-element_type=\"widget\" data-e-type=\"widget\" data-widget_type=\"image.default\">\n\t\t\t\t\t\t\t\t\t\t\t\t\t\t\t<img fetchpriority=\"high\" decoding=\"async\" width=\"1024\" height=\"362\" src=\"https:\/\/isometradg.com\/tacosenhojate\/wp-content\/uploads\/2026\/04\/RedisenoLogo-1024x362.webp\" class=\"attachment-large size-large wp-image-25\" alt=\"\" srcset=\"https:\/\/isometradg.com\/tacosenhojate\/wp-content\/uploads\/2026\/04\/RedisenoLogo-1024x362.webp 1024w, https:\/\/isometradg.com\/tacosenhojate\/wp-content\/uploads\/2026\/04\/RedisenoLogo-300x106.webp 300w, https:\/\/isometradg.com\/tacosenhojate\/wp-content\/uploads\/2026\/04\/RedisenoLogo-768x272.webp 768w, https:\/\/isometradg.com\/tacosenhojate\/wp-content\/uploads\/2026\/04\/RedisenoLogo.webp 1137w\" sizes=\"(max-width: 1024px) 100vw, 1024px\" \/>\t\t\t\t\t\t\t\t\t\t\t\t\t\t\t<\/div>\n\t\t\t\t<\/div>\n\t\t<div class=\"elementor-element elementor-element-5025515 e-con-full e-flex elementor-invisible e-con e-child\" data-id=\"5025515\" data-element_type=\"container\" data-e-type=\"container\" data-settings=\"{&quot;animation&quot;:&quot;fadeInDown&quot;}\">\n\t\t\t\t<div class=\"elementor-element elementor-element-7358c21 e-full_width e-n-menu-layout-horizontal e-n-menu-tablet elementor-widget elementor-widget-n-menu\" data-id=\"7358c21\" data-element_type=\"widget\" data-e-type=\"widget\" data-settings=\"{&quot;menu_items&quot;:[{&quot;item_title&quot;:&quot;Inicio&quot;,&quot;_id&quot;:&quot;f51927b&quot;,&quot;item_dropdown_content&quot;:&quot;&quot;,&quot;__dynamic__&quot;:{&quot;item_link&quot;:&quot;[elementor-tag id=\\&quot;5b12146\\&quot; name=\\&quot;internal-url\\&quot; settings=\\&quot;%7B%22type%22%3A%22post%22%2C%22post_id%22%3A%2211%22%7D\\&quot;]&quot;},&quot;item_link&quot;:{&quot;url&quot;:&quot;https:\\\/\\\/isometradg.com\\\/tacosenhojate\\\/&quot;,&quot;is_external&quot;:&quot;&quot;,&quot;nofollow&quot;:&quot;&quot;,&quot;custom_attributes&quot;:&quot;&quot;},&quot;item_icon&quot;:{&quot;value&quot;:&quot;&quot;,&quot;library&quot;:&quot;&quot;},&quot;item_icon_active&quot;:null,&quot;element_id&quot;:&quot;&quot;},{&quot;item_title&quot;:&quot;Vis\\u00edtanos&quot;,&quot;_id&quot;:&quot;15a4747&quot;,&quot;__dynamic__&quot;:{&quot;item_link&quot;:&quot;[elementor-tag id=\\&quot;dacf88f\\&quot; name=\\&quot;popup\\&quot; settings=\\&quot;%7B%22popup%22%3A%22674%22%7D\\&quot;]&quot;},&quot;item_link&quot;:{&quot;url&quot;:&quot;#elementor-action%3Aaction%3Dpopup%3Aopen%26settings%3DeyJpZCI6IjY3NCIsInRvZ2dsZSI6ZmFsc2V9&quot;,&quot;is_external&quot;:&quot;&quot;,&quot;nofollow&quot;:&quot;&quot;,&quot;custom_attributes&quot;:&quot;&quot;},&quot;item_dropdown_content&quot;:&quot;no&quot;,&quot;item_icon&quot;:{&quot;value&quot;:&quot;&quot;,&quot;library&quot;:&quot;&quot;},&quot;item_icon_active&quot;:null,&quot;element_id&quot;:&quot;&quot;},{&quot;item_title&quot;:&quot;Servicio de Banquetes&quot;,&quot;_id&quot;:&quot;147b626&quot;,&quot;__dynamic__&quot;:{&quot;item_link&quot;:&quot;[elementor-tag id=\\&quot;666737f\\&quot; name=\\&quot;internal-url\\&quot; settings=\\&quot;%7B%22type%22%3A%22post%22%2C%22post_id%22%3A%22725%22%7D\\&quot;]&quot;},&quot;item_link&quot;:{&quot;url&quot;:&quot;https:\\\/\\\/isometradg.com\\\/tacosenhojate\\\/servicio-para-banquetes\\\/&quot;,&quot;is_external&quot;:&quot;&quot;,&quot;nofollow&quot;:&quot;&quot;,&quot;custom_attributes&quot;:&quot;&quot;},&quot;item_dropdown_content&quot;:&quot;no&quot;,&quot;item_icon&quot;:{&quot;value&quot;:&quot;&quot;,&quot;library&quot;:&quot;&quot;},&quot;item_icon_active&quot;:null,&quot;element_id&quot;:&quot;&quot;}],&quot;content_width&quot;:&quot;full_width&quot;,&quot;item_layout&quot;:&quot;horizontal&quot;,&quot;open_on&quot;:&quot;hover&quot;,&quot;horizontal_scroll&quot;:&quot;disable&quot;,&quot;breakpoint_selector&quot;:&quot;tablet&quot;,&quot;menu_item_title_distance_from_content&quot;:{&quot;unit&quot;:&quot;px&quot;,&quot;size&quot;:0,&quot;sizes&quot;:[]},&quot;menu_item_title_distance_from_content_tablet&quot;:{&quot;unit&quot;:&quot;px&quot;,&quot;size&quot;:&quot;&quot;,&quot;sizes&quot;:[]},&quot;menu_item_title_distance_from_content_mobile&quot;:{&quot;unit&quot;:&quot;px&quot;,&quot;size&quot;:&quot;&quot;,&quot;sizes&quot;:[]}}\" data-widget_type=\"mega-menu.default\">\n\t\t\t\t\t\t\t<nav class=\"e-n-menu\" data-widget-number=\"120\" aria-label=\"Menu\">\n\t\t\t\t\t<button class=\"e-n-menu-toggle\" id=\"menu-toggle-120\" aria-haspopup=\"true\" aria-expanded=\"false\" aria-controls=\"menubar-120\" aria-label=\"Menu Toggle\">\n\t\t\t<span class=\"e-n-menu-toggle-icon e-open\">\n\t\t\t\t<svg class=\"e-font-icon-svg e-eicon-menu-bar\" viewBox=\"0 0 1000 1000\" xmlns=\"http:\/\/www.w3.org\/2000\/svg\"><path d=\"M104 333H896C929 333 958 304 958 271S929 208 896 208H104C71 208 42 237 42 271S71 333 104 333ZM104 583H896C929 583 958 554 958 521S929 458 896 458H104C71 458 42 487 42 521S71 583 104 583ZM104 833H896C929 833 958 804 958 771S929 708 896 708H104C71 708 42 737 42 771S71 833 104 833Z\"><\/path><\/svg>\t\t\t<\/span>\n\t\t\t<span class=\"e-n-menu-toggle-icon e-close\">\n\t\t\t\t<svg class=\"e-font-icon-svg e-eicon-close\" viewBox=\"0 0 1000 1000\" xmlns=\"http:\/\/www.w3.org\/2000\/svg\"><path d=\"M742 167L500 408 258 167C246 154 233 150 217 150 196 150 179 158 167 167 154 179 150 196 150 212 150 229 154 242 171 254L408 500 167 742C138 771 138 800 167 829 196 858 225 858 254 829L496 587 738 829C750 842 767 846 783 846 800 846 817 842 829 829 842 817 846 804 846 783 846 767 842 750 829 737L588 500 833 258C863 229 863 200 833 171 804 137 775 137 742 167Z\"><\/path><\/svg>\t\t\t<\/span>\n\t\t<\/button>\n\t\t\t\t\t<div class=\"e-n-menu-wrapper\" id=\"menubar-120\" aria-labelledby=\"menu-toggle-120\">\n\t\t\t\t<ul class=\"e-n-menu-heading\">\n\t\t\t\t\t\t\t\t<li class=\"e-n-menu-item\">\n\t\t\t\t<div id=\"e-n-menu-title-1201\" class=\"e-n-menu-title\">\n\t\t\t\t\t<a class=\"e-n-menu-title-container e-focus e-link\" href=\"https:\/\/isometradg.com\/tacosenhojate\/\">\t\t\t\t\t\t\t\t\t\t\t\t<span class=\"e-n-menu-title-text\">\n\t\t\t\t\t\t\tInicio\t\t\t\t\t\t<\/span>\n\t\t\t\t\t<\/a>\t\t\t\t\t\t\t\t\t<\/div>\n\t\t\t\t\t\t\t<\/li>\n\t\t\t\t\t<li class=\"e-n-menu-item\">\n\t\t\t\t<div id=\"e-n-menu-title-1202\" class=\"e-n-menu-title e-anchor\">\n\t\t\t\t\t<a class=\"e-n-menu-title-container e-focus e-link\" href=\"#elementor-action%3Aaction%3Dpopup%3Aopen%26settings%3DeyJpZCI6IjY3NCIsInRvZ2dsZSI6ZmFsc2V9\" aria-current=\"page\">\t\t\t\t\t\t\t\t\t\t\t\t<span class=\"e-n-menu-title-text\">\n\t\t\t\t\t\t\tVis\u00edtanos\t\t\t\t\t\t<\/span>\n\t\t\t\t\t<\/a>\t\t\t\t\t\t\t\t\t<\/div>\n\t\t\t\t\t\t\t<\/li>\n\t\t\t\t\t<li class=\"e-n-menu-item\">\n\t\t\t\t<div id=\"e-n-menu-title-1203\" class=\"e-n-menu-title\">\n\t\t\t\t\t<a class=\"e-n-menu-title-container e-focus e-link\" href=\"https:\/\/isometradg.com\/tacosenhojate\/servicio-para-banquetes\/\">\t\t\t\t\t\t\t\t\t\t\t\t<span class=\"e-n-menu-title-text\">\n\t\t\t\t\t\t\tServicio de Banquetes\t\t\t\t\t\t<\/span>\n\t\t\t\t\t<\/a>\t\t\t\t\t\t\t\t\t<\/div>\n\t\t\t\t\t\t\t<\/li>\n\t\t\t\t\t\t<\/ul>\n\t\t\t<\/div>\n\t\t<\/nav>\n\t\t\t\t\t\t<\/div>\n\t\t\t\t<\/div>\n\t\t\t\t<\/div>\n\t\t<div class=\"elementor-element elementor-element-d87f8b9 e-con-full e-flex e-con e-child\" data-id=\"d87f8b9\" data-element_type=\"container\" data-e-type=\"container\">\n\t\t<div class=\"elementor-element elementor-element-fdd38bb e-con-full e-flex e-con e-child\" data-id=\"fdd38bb\" data-element_type=\"container\" data-e-type=\"container\" data-settings=\"{&quot;animation&quot;:&quot;none&quot;}\">\n\t\t\t\t<div class=\"elementor-element elementor-element-be66f34 elementor-invisible elementor-widget elementor-widget-heading\" data-id=\"be66f34\" data-element_type=\"widget\" data-e-type=\"widget\" data-settings=\"{&quot;_animation&quot;:&quot;fadeInLeft&quot;}\" data-widget_type=\"heading.default\">\n\t\t\t\t\t<h2 class=\"elementor-heading-title elementor-size-default\">EL ORIGEN<\/h2>\t\t\t\t<\/div>\n\t\t\t\t<div class=\"elementor-element elementor-element-6633ce1 elementor-invisible elementor-widget elementor-widget-heading\" data-id=\"6633ce1\" data-element_type=\"widget\" data-e-type=\"widget\" data-settings=\"{&quot;_animation&quot;:&quot;fadeInLeft&quot;,&quot;_animation_delay&quot;:100}\" data-widget_type=\"heading.default\">\n\t\t\t\t\t<h2 class=\"elementor-heading-title elementor-size-default\">DEL SABOR<\/h2>\t\t\t\t<\/div>\n\t\t\t\t<div class=\"elementor-element elementor-element-a851486 elementor-invisible elementor-widget elementor-widget-image\" data-id=\"a851486\" data-element_type=\"widget\" data-e-type=\"widget\" data-settings=\"{&quot;_animation&quot;:&quot;fadeInLeft&quot;,&quot;_animation_delay&quot;:200}\" data-widget_type=\"image.default\">\n\t\t\t\t\t\t\t\t\t\t\t\t\t\t\t<img decoding=\"async\" width=\"1024\" height=\"44\" src=\"https:\/\/isometradg.com\/tacosenhojate\/wp-content\/uploads\/2026\/04\/LineaN-1024x44.webp\" class=\"attachment-large size-large wp-image-454\" alt=\"\" srcset=\"https:\/\/isometradg.com\/tacosenhojate\/wp-content\/uploads\/2026\/04\/LineaN-1024x44.webp 1024w, https:\/\/isometradg.com\/tacosenhojate\/wp-content\/uploads\/2026\/04\/LineaN-300x13.webp 300w, https:\/\/isometradg.com\/tacosenhojate\/wp-content\/uploads\/2026\/04\/LineaN-768x33.webp 768w, https:\/\/isometradg.com\/tacosenhojate\/wp-content\/uploads\/2026\/04\/LineaN.webp 1233w\" sizes=\"(max-width: 1024px) 100vw, 1024px\" \/>\t\t\t\t\t\t\t\t\t\t\t\t\t\t\t<\/div>\n\t\t<div class=\"elementor-element elementor-element-5d23089 e-con-full e-flex e-con e-child\" data-id=\"5d23089\" data-element_type=\"container\" data-e-type=\"container\" data-settings=\"{&quot;animation&quot;:&quot;none&quot;,&quot;animation_delay&quot;:300}\">\n\t\t<div class=\"elementor-element elementor-element-2f50c30 e-con-full e-flex elementor-invisible e-con e-child\" data-id=\"2f50c30\" data-element_type=\"container\" data-e-type=\"container\" data-settings=\"{&quot;animation&quot;:&quot;fadeInLeft&quot;,&quot;animation_delay&quot;:300}\">\n\t\t\t\t<div class=\"elementor-element elementor-element-e4cb877 elementor-widget elementor-widget-text-editor\" data-id=\"e4cb877\" data-element_type=\"widget\" data-e-type=\"widget\" data-widget_type=\"text-editor.default\">\n\t\t\t\t\t\t\t\t\t<p><strong>Tacos Enh\u00f3jate<\/strong> es un negocio que nace en el a\u00f1o <strong>2015<\/strong> a partir de una necesidad que se transform\u00f3 en una oportunidad de vida. Su fundadora, <strong>Elba Bustamante<\/strong>, comenz\u00f3 este trayecto aprendiendo a preparar tacos envueltos en hoja de tamal, con la intenci\u00f3n de salir adelante y generar ingresos para su familia.<\/p><p>Hoy en d\u00eda lo que inici\u00f3 con una peque\u00f1a mesa en la calle y una simple sombrilla, pronto comenz\u00f3 a causar furor por su sabor casero y aut\u00e9ntico, logrando conectar con las personas desde sus primeras ventas.<\/p>\t\t\t\t\t\t\t\t<\/div>\n\t\t\t\t<\/div>\n\t\t<div class=\"elementor-element elementor-element-1b94c37 e-con-full e-flex elementor-invisible e-con e-child\" data-id=\"1b94c37\" data-element_type=\"container\" data-e-type=\"container\" data-settings=\"{&quot;animation&quot;:&quot;fadeInLeft&quot;,&quot;animation_delay&quot;:350}\">\n\t\t\t\t<div class=\"elementor-element elementor-element-da42074 elementor-widget elementor-widget-text-editor\" data-id=\"da42074\" data-element_type=\"widget\" data-e-type=\"widget\" data-widget_type=\"text-editor.default\">\n\t\t\t\t\t\t\t\t\t<p>Esa cercan\u00eda con los clientes y el esfuerzo diario detr\u00e1s de cada preparaci\u00f3n fueron clave para que el negocio creciera poco a poco. Con el tiempo, <strong>Tacos Enh\u00f3jate<\/strong> dej\u00f3 de ser un puesto improvisado para convertirse en un negocio consolidado, reconocido y preferido por muchos.<\/p><p>M\u00e1s all\u00e1 de los tacos, su historia refleja trabajo, constancia y el valor de empezar desde lo sencillo para construir algo significativo.<\/p>\t\t\t\t\t\t\t\t<\/div>\n\t\t\t\t<\/div>\n\t\t\t\t<\/div>\n\t\t\t\t<\/div>\n\t\t<div class=\"elementor-element elementor-element-43b342d e-con-full e-flex e-con e-child\" data-id=\"43b342d\" data-element_type=\"container\" data-e-type=\"container\">\n\t\t\t\t<div class=\"elementor-element elementor-element-8729cf9 elementor-invisible elementor-widget elementor-widget-image\" data-id=\"8729cf9\" data-element_type=\"widget\" data-e-type=\"widget\" data-settings=\"{&quot;_animation&quot;:&quot;fadeIn&quot;,&quot;_animation_delay&quot;:200}\" data-widget_type=\"image.default\">\n\t\t\t\t\t\t\t\t\t\t\t\t\t\t\t<img decoding=\"async\" width=\"1024\" height=\"1024\" src=\"https:\/\/isometradg.com\/tacosenhojate\/wp-content\/uploads\/2026\/04\/CirculoN-1024x1024.webp\" class=\"attachment-large size-large wp-image-426\" alt=\"\" srcset=\"https:\/\/isometradg.com\/tacosenhojate\/wp-content\/uploads\/2026\/04\/CirculoN-1024x1024.webp 1024w, https:\/\/isometradg.com\/tacosenhojate\/wp-content\/uploads\/2026\/04\/CirculoN-300x300.webp 300w, https:\/\/isometradg.com\/tacosenhojate\/wp-content\/uploads\/2026\/04\/CirculoN-150x150.webp 150w, https:\/\/isometradg.com\/tacosenhojate\/wp-content\/uploads\/2026\/04\/CirculoN-768x768.webp 768w, https:\/\/isometradg.com\/tacosenhojate\/wp-content\/uploads\/2026\/04\/CirculoN-1536x1536.webp 1536w, https:\/\/isometradg.com\/tacosenhojate\/wp-content\/uploads\/2026\/04\/CirculoN-2048x2048.webp 2048w\" sizes=\"(max-width: 1024px) 100vw, 1024px\" \/>\t\t\t\t\t\t\t\t\t\t\t\t\t\t\t<\/div>\n\t\t\t\t<\/div>\n\t\t\t\t<\/div>\n\t\t\t\t\t<\/div>\n\t\t\t\t<\/div>\n\t\t\t\t<\/div>\n\t\t","protected":false},"excerpt":{"rendered":"<p>Inicio Vis\u00edtanos Servicio de Banquetes Nosotros Vis\u00edtanos Servicio de Banquetes EL ORIGEN DEL SABOR Tacos Enh\u00f3jate es un negocio que nace en el a\u00f1o 2015 a partir de una necesidad que se transform\u00f3 en una oportunidad de vida. Su fundadora, Elba Bustamante, comenz\u00f3 este trayecto aprendiendo a preparar tacos envueltos en hoja de tamal, con [&hellip;]<\/p>\n","protected":false},"author":1,"featured_media":0,"parent":0,"menu_order":0,"comment_status":"closed","ping_status":"closed","template":"elementor_canvas","meta":{"footnotes":""},"class_list":["post-416","page","type-page","status-publish","hentry"],"_links":{"self":[{"href":"https:\/\/isometradg.com\/tacosenhojate\/wp-json\/wp\/v2\/pages\/416","targetHints":{"allow":["GET"]}}],"collection":[{"href":"https:\/\/isometradg.com\/tacosenhojate\/wp-json\/wp\/v2\/pages"}],"about":[{"href":"https:\/\/isometradg.com\/tacosenhojate\/wp-json\/wp\/v2\/types\/page"}],"author":[{"embeddable":true,"href":"https:\/\/isometradg.com\/tacosenhojate\/wp-json\/wp\/v2\/users\/1"}],"replies":[{"embeddable":true,"href":"https:\/\/isometradg.com\/tacosenhojate\/wp-json\/wp\/v2\/comments?post=416"}],"version-history":[{"count":223,"href":"https:\/\/isometradg.com\/tacosenhojate\/wp-json\/wp\/v2\/pages\/416\/revisions"}],"predecessor-version":[{"id":739,"href":"https:\/\/isometradg.com\/tacosenhojate\/wp-json\/wp\/v2\/pages\/416\/revisions\/739"}],"wp:attachment":[{"href":"https:\/\/isometradg.com\/tacosenhojate\/wp-json\/wp\/v2\/media?parent=416"}],"curies":[{"name":"wp","href":"https:\/\/api.w.org\/{rel}","templated":true}]}}