{"id":11,"date":"2026-04-07T15:44:35","date_gmt":"2026-04-07T15:44:35","guid":{"rendered":"https:\/\/isometradg.com\/tacosenhojate\/?page_id=11"},"modified":"2026-04-21T04:40:19","modified_gmt":"2026-04-21T04:40:19","slug":"tacos-enhojate","status":"publish","type":"page","link":"https:\/\/isometradg.com\/tacosenhojate\/","title":{"rendered":"Tacos \u00a1Enh\u00f3jate!"},"content":{"rendered":"\t\t<div data-elementor-type=\"wp-page\" data-elementor-id=\"11\" class=\"elementor elementor-11\" data-elementor-settings=\"{&quot;scroll_snap&quot;:&quot;yes&quot;}\" data-elementor-post-type=\"page\">\n\t\t\t\t<div class=\"elementor-element elementor-element-a8cb923 e-con-full e-flex e-con e-parent\" data-id=\"a8cb923\" data-element_type=\"container\" data-e-type=\"container\">\n\t\t<div class=\"elementor-element elementor-element-1738a6a e-flex e-con-boxed e-con e-child\" data-id=\"1738a6a\" data-element_type=\"container\" data-e-type=\"container\">\n\t\t\t\t\t<div class=\"e-con-inner\">\n\t\t<div class=\"elementor-element elementor-element-33667eb e-con-full e-flex elementor-invisible e-con e-child\" data-id=\"33667eb\" data-element_type=\"container\" data-e-type=\"container\" data-settings=\"{&quot;animation&quot;:&quot;fadeIn&quot;}\">\n\t\t\t\t<div class=\"elementor-element elementor-element-9667973 elementor-widget elementor-widget-image\" data-id=\"9667973\" data-element_type=\"widget\" data-e-type=\"widget\" data-widget_type=\"image.default\">\n\t\t\t\t\t\t\t\t\t\t\t\t\t\t\t<img fetchpriority=\"high\" decoding=\"async\" width=\"1024\" height=\"362\" src=\"https:\/\/isometradg.com\/tacosenhojate\/wp-content\/uploads\/2026\/04\/RedisenoLogo-1024x362.webp\" class=\"attachment-large size-large wp-image-25\" alt=\"\" srcset=\"https:\/\/isometradg.com\/tacosenhojate\/wp-content\/uploads\/2026\/04\/RedisenoLogo-1024x362.webp 1024w, https:\/\/isometradg.com\/tacosenhojate\/wp-content\/uploads\/2026\/04\/RedisenoLogo-300x106.webp 300w, https:\/\/isometradg.com\/tacosenhojate\/wp-content\/uploads\/2026\/04\/RedisenoLogo-768x272.webp 768w, https:\/\/isometradg.com\/tacosenhojate\/wp-content\/uploads\/2026\/04\/RedisenoLogo.webp 1137w\" sizes=\"(max-width: 1024px) 100vw, 1024px\" \/>\t\t\t\t\t\t\t\t\t\t\t\t\t\t\t<\/div>\n\t\t\t\t<\/div>\n\t\t<div class=\"elementor-element elementor-element-7770b9a e-con-full e-flex elementor-invisible e-con e-child\" data-id=\"7770b9a\" data-element_type=\"container\" data-e-type=\"container\" data-settings=\"{&quot;animation&quot;:&quot;fadeInDown&quot;}\">\n\t\t\t\t<div class=\"elementor-element elementor-element-856d524 e-full_width e-n-menu-layout-horizontal e-n-menu-tablet elementor-widget elementor-widget-n-menu\" data-id=\"856d524\" data-element_type=\"widget\" data-e-type=\"widget\" data-settings=\"{&quot;menu_items&quot;:[{&quot;item_title&quot;:&quot;Nosotros&quot;,&quot;_id&quot;:&quot;f51927b&quot;,&quot;item_dropdown_content&quot;:&quot;&quot;,&quot;__dynamic__&quot;:{&quot;item_link&quot;:&quot;[elementor-tag id=\\&quot;ae93ec1\\&quot; name=\\&quot;internal-url\\&quot; settings=\\&quot;%7B%22type%22%3A%22post%22%2C%22post_id%22%3A%22416%22%7D\\&quot;]&quot;},&quot;item_link&quot;:{&quot;url&quot;:&quot;https:\\\/\\\/isometradg.com\\\/tacosenhojate\\\/nosotros\\\/&quot;,&quot;is_external&quot;:&quot;&quot;,&quot;nofollow&quot;:&quot;&quot;,&quot;custom_attributes&quot;:&quot;&quot;},&quot;item_icon&quot;:{&quot;value&quot;:&quot;&quot;,&quot;library&quot;:&quot;&quot;},&quot;item_icon_active&quot;:null,&quot;element_id&quot;:&quot;&quot;},{&quot;item_title&quot;:&quot;Vis\\u00edtanos&quot;,&quot;_id&quot;:&quot;15a4747&quot;,&quot;__dynamic__&quot;:{&quot;item_link&quot;:&quot;[elementor-tag id=\\&quot;be6cb4b\\&quot; name=\\&quot;popup\\&quot; settings=\\&quot;%7B%22popup%22%3A%22674%22%7D\\&quot;]&quot;},&quot;item_link&quot;:{&quot;url&quot;:&quot;#elementor-action%3Aaction%3Dpopup%3Aopen%26settings%3DeyJpZCI6IjY3NCIsInRvZ2dsZSI6ZmFsc2V9&quot;,&quot;is_external&quot;:&quot;&quot;,&quot;nofollow&quot;:&quot;&quot;,&quot;custom_attributes&quot;:&quot;&quot;},&quot;item_dropdown_content&quot;:&quot;no&quot;,&quot;item_icon&quot;:{&quot;value&quot;:&quot;&quot;,&quot;library&quot;:&quot;&quot;},&quot;item_icon_active&quot;:null,&quot;element_id&quot;:&quot;&quot;},{&quot;item_title&quot;:&quot;Servicio de Banquetes&quot;,&quot;_id&quot;:&quot;147b626&quot;,&quot;__dynamic__&quot;:{&quot;item_link&quot;:&quot;[elementor-tag id=\\&quot;0dd56eb\\&quot; name=\\&quot;internal-url\\&quot; settings=\\&quot;%7B%22type%22%3A%22post%22%2C%22post_id%22%3A%22725%22%7D\\&quot;]&quot;},&quot;item_link&quot;:{&quot;url&quot;:&quot;https:\\\/\\\/isometradg.com\\\/tacosenhojate\\\/servicio-para-banquetes\\\/&quot;,&quot;is_external&quot;:&quot;&quot;,&quot;nofollow&quot;:&quot;&quot;,&quot;custom_attributes&quot;:&quot;&quot;},&quot;item_dropdown_content&quot;:&quot;no&quot;,&quot;item_icon&quot;:{&quot;value&quot;:&quot;&quot;,&quot;library&quot;:&quot;&quot;},&quot;item_icon_active&quot;:null,&quot;element_id&quot;:&quot;&quot;}],&quot;content_width&quot;:&quot;full_width&quot;,&quot;item_layout&quot;:&quot;horizontal&quot;,&quot;open_on&quot;:&quot;hover&quot;,&quot;horizontal_scroll&quot;:&quot;disable&quot;,&quot;breakpoint_selector&quot;:&quot;tablet&quot;,&quot;menu_item_title_distance_from_content&quot;:{&quot;unit&quot;:&quot;px&quot;,&quot;size&quot;:0,&quot;sizes&quot;:[]},&quot;menu_item_title_distance_from_content_tablet&quot;:{&quot;unit&quot;:&quot;px&quot;,&quot;size&quot;:&quot;&quot;,&quot;sizes&quot;:[]},&quot;menu_item_title_distance_from_content_mobile&quot;:{&quot;unit&quot;:&quot;px&quot;,&quot;size&quot;:&quot;&quot;,&quot;sizes&quot;:[]}}\" data-widget_type=\"mega-menu.default\">\n\t\t\t\t\t\t\t<nav class=\"e-n-menu\" data-widget-number=\"139\" aria-label=\"Menu\">\n\t\t\t\t\t<button class=\"e-n-menu-toggle\" id=\"menu-toggle-139\" aria-haspopup=\"true\" aria-expanded=\"false\" aria-controls=\"menubar-139\" aria-label=\"Menu Toggle\">\n\t\t\t<span class=\"e-n-menu-toggle-icon e-open\">\n\t\t\t\t<svg class=\"e-font-icon-svg e-eicon-menu-bar\" viewBox=\"0 0 1000 1000\" xmlns=\"http:\/\/www.w3.org\/2000\/svg\"><path d=\"M104 333H896C929 333 958 304 958 271S929 208 896 208H104C71 208 42 237 42 271S71 333 104 333ZM104 583H896C929 583 958 554 958 521S929 458 896 458H104C71 458 42 487 42 521S71 583 104 583ZM104 833H896C929 833 958 804 958 771S929 708 896 708H104C71 708 42 737 42 771S71 833 104 833Z\"><\/path><\/svg>\t\t\t<\/span>\n\t\t\t<span class=\"e-n-menu-toggle-icon e-close\">\n\t\t\t\t<svg class=\"e-font-icon-svg e-eicon-close\" viewBox=\"0 0 1000 1000\" xmlns=\"http:\/\/www.w3.org\/2000\/svg\"><path d=\"M742 167L500 408 258 167C246 154 233 150 217 150 196 150 179 158 167 167 154 179 150 196 150 212 150 229 154 242 171 254L408 500 167 742C138 771 138 800 167 829 196 858 225 858 254 829L496 587 738 829C750 842 767 846 783 846 800 846 817 842 829 829 842 817 846 804 846 783 846 767 842 750 829 737L588 500 833 258C863 229 863 200 833 171 804 137 775 137 742 167Z\"><\/path><\/svg>\t\t\t<\/span>\n\t\t<\/button>\n\t\t\t\t\t<div class=\"e-n-menu-wrapper\" id=\"menubar-139\" aria-labelledby=\"menu-toggle-139\">\n\t\t\t\t<ul class=\"e-n-menu-heading\">\n\t\t\t\t\t\t\t\t<li class=\"e-n-menu-item\">\n\t\t\t\t<div id=\"e-n-menu-title-1391\" class=\"e-n-menu-title\">\n\t\t\t\t\t<a class=\"e-n-menu-title-container e-focus e-link\" href=\"https:\/\/isometradg.com\/tacosenhojate\/nosotros\/\">\t\t\t\t\t\t\t\t\t\t\t\t<span class=\"e-n-menu-title-text\">\n\t\t\t\t\t\t\tNosotros\t\t\t\t\t\t<\/span>\n\t\t\t\t\t<\/a>\t\t\t\t\t\t\t\t\t<\/div>\n\t\t\t\t\t\t\t<\/li>\n\t\t\t\t\t<li class=\"e-n-menu-item\">\n\t\t\t\t<div id=\"e-n-menu-title-1392\" class=\"e-n-menu-title e-anchor\">\n\t\t\t\t\t<a class=\"e-n-menu-title-container e-focus e-link\" href=\"#elementor-action%3Aaction%3Dpopup%3Aopen%26settings%3DeyJpZCI6IjY3NCIsInRvZ2dsZSI6ZmFsc2V9\" aria-current=\"page\">\t\t\t\t\t\t\t\t\t\t\t\t<span class=\"e-n-menu-title-text\">\n\t\t\t\t\t\t\tVis\u00edtanos\t\t\t\t\t\t<\/span>\n\t\t\t\t\t<\/a>\t\t\t\t\t\t\t\t\t<\/div>\n\t\t\t\t\t\t\t<\/li>\n\t\t\t\t\t<li class=\"e-n-menu-item\">\n\t\t\t\t<div id=\"e-n-menu-title-1393\" class=\"e-n-menu-title\">\n\t\t\t\t\t<a class=\"e-n-menu-title-container e-focus e-link\" href=\"https:\/\/isometradg.com\/tacosenhojate\/servicio-para-banquetes\/\">\t\t\t\t\t\t\t\t\t\t\t\t<span class=\"e-n-menu-title-text\">\n\t\t\t\t\t\t\tServicio de Banquetes\t\t\t\t\t\t<\/span>\n\t\t\t\t\t<\/a>\t\t\t\t\t\t\t\t\t<\/div>\n\t\t\t\t\t\t\t<\/li>\n\t\t\t\t\t\t<\/ul>\n\t\t\t<\/div>\n\t\t<\/nav>\n\t\t\t\t\t\t<\/div>\n\t\t\t\t<\/div>\n\t\t\t\t\t<\/div>\n\t\t\t\t<\/div>\n\t\t<div class=\"elementor-element elementor-element-2c72796 e-flex e-con-boxed e-con e-child\" data-id=\"2c72796\" data-element_type=\"container\" data-e-type=\"container\" data-settings=\"{&quot;background_background&quot;:&quot;classic&quot;}\">\n\t\t\t\t\t<div class=\"e-con-inner\">\n\t\t\t\t<div class=\"elementor-element elementor-element-8349fa3 img-1 elementor-invisible elementor-widget elementor-widget-image\" data-id=\"8349fa3\" data-element_type=\"widget\" data-e-type=\"widget\" data-settings=\"{&quot;_animation&quot;:&quot;fadeInLeft&quot;}\" data-widget_type=\"image.default\">\n\t\t\t\t\t\t\t\t\t\t\t\t\t\t\t<img decoding=\"async\" width=\"1024\" height=\"347\" src=\"https:\/\/isometradg.com\/tacosenhojate\/wp-content\/uploads\/2026\/04\/BIEN-1024x347.png\" class=\"attachment-large size-large wp-image-190\" alt=\"\" srcset=\"https:\/\/isometradg.com\/tacosenhojate\/wp-content\/uploads\/2026\/04\/BIEN-1024x347.png 1024w, https:\/\/isometradg.com\/tacosenhojate\/wp-content\/uploads\/2026\/04\/BIEN-300x102.png 300w, https:\/\/isometradg.com\/tacosenhojate\/wp-content\/uploads\/2026\/04\/BIEN-768x260.png 768w, https:\/\/isometradg.com\/tacosenhojate\/wp-content\/uploads\/2026\/04\/BIEN-1536x520.png 1536w, https:\/\/isometradg.com\/tacosenhojate\/wp-content\/uploads\/2026\/04\/BIEN-2048x694.png 2048w\" sizes=\"(max-width: 1024px) 100vw, 1024px\" \/>\t\t\t\t\t\t\t\t\t\t\t\t\t\t\t<\/div>\n\t\t\t\t<div class=\"elementor-element elementor-element-0bc3e1c img-2 elementor-invisible elementor-widget elementor-widget-image\" data-id=\"0bc3e1c\" data-element_type=\"widget\" data-e-type=\"widget\" data-settings=\"{&quot;_animation&quot;:&quot;fadeInLeft&quot;}\" data-widget_type=\"image.default\">\n\t\t\t\t\t\t\t\t\t\t\t\t\t\t\t<img decoding=\"async\" width=\"1024\" height=\"199\" src=\"https:\/\/isometradg.com\/tacosenhojate\/wp-content\/uploads\/2026\/04\/VENIDO-1024x199.png\" class=\"attachment-large size-large wp-image-114\" alt=\"\" srcset=\"https:\/\/isometradg.com\/tacosenhojate\/wp-content\/uploads\/2026\/04\/VENIDO-1024x199.png 1024w, https:\/\/isometradg.com\/tacosenhojate\/wp-content\/uploads\/2026\/04\/VENIDO-300x58.png 300w, https:\/\/isometradg.com\/tacosenhojate\/wp-content\/uploads\/2026\/04\/VENIDO-768x149.png 768w, https:\/\/isometradg.com\/tacosenhojate\/wp-content\/uploads\/2026\/04\/VENIDO-1536x299.png 1536w, https:\/\/isometradg.com\/tacosenhojate\/wp-content\/uploads\/2026\/04\/VENIDO-2048x398.png 2048w\" sizes=\"(max-width: 1024px) 100vw, 1024px\" \/>\t\t\t\t\t\t\t\t\t\t\t\t\t\t\t<\/div>\n\t\t\t\t<div class=\"elementor-element elementor-element-dc6873a elementor-absolute elementor-invisible elementor-widget elementor-widget-image\" data-id=\"dc6873a\" data-element_type=\"widget\" data-e-type=\"widget\" data-settings=\"{&quot;_position&quot;:&quot;absolute&quot;,&quot;_animation&quot;:&quot;fadeInLeft&quot;}\" data-widget_type=\"image.default\">\n\t\t\t\t\t\t\t\t\t\t\t\t\t\t\t<img loading=\"lazy\" decoding=\"async\" width=\"1024\" height=\"721\" src=\"https:\/\/isometradg.com\/tacosenhojate\/wp-content\/uploads\/2026\/04\/Tacos-1024x721.webp\" class=\"attachment-large size-large wp-image-209\" alt=\"\" srcset=\"https:\/\/isometradg.com\/tacosenhojate\/wp-content\/uploads\/2026\/04\/Tacos-1024x721.webp 1024w, https:\/\/isometradg.com\/tacosenhojate\/wp-content\/uploads\/2026\/04\/Tacos-300x211.webp 300w, https:\/\/isometradg.com\/tacosenhojate\/wp-content\/uploads\/2026\/04\/Tacos-768x540.webp 768w, https:\/\/isometradg.com\/tacosenhojate\/wp-content\/uploads\/2026\/04\/Tacos-1536x1081.webp 1536w, https:\/\/isometradg.com\/tacosenhojate\/wp-content\/uploads\/2026\/04\/Tacos-2048x1441.webp 2048w\" sizes=\"(max-width: 1024px) 100vw, 1024px\" \/>\t\t\t\t\t\t\t\t\t\t\t\t\t\t\t<\/div>\n\t\t\t\t<div class=\"elementor-element elementor-element-6d3af7b elementor-absolute animated-fast elementor-invisible elementor-widget elementor-widget-heading\" data-id=\"6d3af7b\" data-element_type=\"widget\" data-e-type=\"widget\" data-settings=\"{&quot;_position&quot;:&quot;absolute&quot;,&quot;_animation&quot;:&quot;fadeIn&quot;}\" data-widget_type=\"heading.default\">\n\t\t\t\t\t<h2 class=\"elementor-heading-title elementor-size-default\">ENVUELTO EN  TRADICI\u00d3N<\/h2>\t\t\t\t<\/div>\n\t\t\t\t<div class=\"elementor-element elementor-element-bf8931a elementor-absolute animated-slow elementor-invisible elementor-widget elementor-widget-heading\" data-id=\"bf8931a\" data-element_type=\"widget\" data-e-type=\"widget\" data-settings=\"{&quot;_position&quot;:&quot;absolute&quot;,&quot;_animation&quot;:&quot;fadeIn&quot;,&quot;_animation_delay&quot;:1}\" data-widget_type=\"heading.default\">\n\t\t\t\t\t<h2 class=\"elementor-heading-title elementor-size-default\">est.2015<\/h2>\t\t\t\t<\/div>\n\t\t\t\t\t<\/div>\n\t\t\t\t<\/div>\n\t\t\t\t<\/div>\n\t\t\t\t<\/div>\n\t\t","protected":false},"excerpt":{"rendered":"<p>Nosotros Vis\u00edtanos Servicio de Banquetes Nosotros Vis\u00edtanos Servicio de Banquetes ENVUELTO EN TRADICI\u00d3N est.2015<\/p>\n","protected":false},"author":1,"featured_media":0,"parent":0,"menu_order":0,"comment_status":"closed","ping_status":"closed","template":"elementor_canvas","meta":{"footnotes":""},"class_list":["post-11","page","type-page","status-publish","hentry"],"_links":{"self":[{"href":"https:\/\/isometradg.com\/tacosenhojate\/wp-json\/wp\/v2\/pages\/11","targetHints":{"allow":["GET"]}}],"collection":[{"href":"https:\/\/isometradg.com\/tacosenhojate\/wp-json\/wp\/v2\/pages"}],"about":[{"href":"https:\/\/isometradg.com\/tacosenhojate\/wp-json\/wp\/v2\/types\/page"}],"author":[{"embeddable":true,"href":"https:\/\/isometradg.com\/tacosenhojate\/wp-json\/wp\/v2\/users\/1"}],"replies":[{"embeddable":true,"href":"https:\/\/isometradg.com\/tacosenhojate\/wp-json\/wp\/v2\/comments?post=11"}],"version-history":[{"count":427,"href":"https:\/\/isometradg.com\/tacosenhojate\/wp-json\/wp\/v2\/pages\/11\/revisions"}],"predecessor-version":[{"id":887,"href":"https:\/\/isometradg.com\/tacosenhojate\/wp-json\/wp\/v2\/pages\/11\/revisions\/887"}],"wp:attachment":[{"href":"https:\/\/isometradg.com\/tacosenhojate\/wp-json\/wp\/v2\/media?parent=11"}],"curies":[{"name":"wp","href":"https:\/\/api.w.org\/{rel}","templated":true}]}}