{"id":96,"date":"2026-04-15T01:54:02","date_gmt":"2026-04-15T01:54:02","guid":{"rendered":"https:\/\/isometradg.com\/sitios%20historicos%20Leon\/?page_id=96"},"modified":"2026-04-15T07:36:41","modified_gmt":"2026-04-15T07:36:41","slug":"museo-primo-quiroz","status":"publish","type":"page","link":"https:\/\/isometradg.com\/sitios%20historicos%20Leon\/index.php\/museo-primo-quiroz\/","title":{"rendered":"Museo Primo Quiroz"},"content":{"rendered":"\t\t<div data-elementor-type=\"wp-page\" data-elementor-id=\"96\" class=\"elementor elementor-96\" data-elementor-post-type=\"page\">\n\t\t\t\t<div class=\"elementor-element elementor-element-4f63fa0b e-flex e-con-boxed e-con e-parent\" data-id=\"4f63fa0b\" data-element_type=\"container\" data-e-type=\"container\">\n\t\t\t\t\t<div class=\"e-con-inner\">\n\t\t<div class=\"elementor-element elementor-element-344e81ed e-con-full e-flex e-con e-child\" data-id=\"344e81ed\" data-element_type=\"container\" data-e-type=\"container\" data-settings=\"{&quot;background_background&quot;:&quot;classic&quot;}\">\n\t\t\t\t<div class=\"elementor-element elementor-element-5971da39 elementor-widget elementor-widget-button\" data-id=\"5971da39\" data-element_type=\"widget\" data-e-type=\"widget\" data-widget_type=\"button.default\">\n\t\t\t\t\t\t\t\t\t\t<a class=\"elementor-button elementor-button-link elementor-size-sm\" href=\"https:\/\/isometradg.com\/sitios%20historicos%20Leon\/index.php\/sitios-historicos-leon\/\">\n\t\t\t\t\t\t<span class=\"elementor-button-content-wrapper\">\n\t\t\t\t\t\t\t\t\t<span class=\"elementor-button-text\">Inicio<\/span>\n\t\t\t\t\t<\/span>\n\t\t\t\t\t<\/a>\n\t\t\t\t\t\t\t\t<\/div>\n\t\t\t\t<div class=\"elementor-element elementor-element-6b03444e elementor-widget elementor-widget-button\" data-id=\"6b03444e\" data-element_type=\"widget\" data-e-type=\"widget\" data-widget_type=\"button.default\">\n\t\t\t\t\t\t\t\t\t\t<a class=\"elementor-button elementor-button-link elementor-size-sm\" href=\"https:\/\/isometradg.com\/sitios%20historicos%20Leon\/index.php\/museo-primo-quiroz\/#historia\">\n\t\t\t\t\t\t<span class=\"elementor-button-content-wrapper\">\n\t\t\t\t\t\t\t\t\t<span class=\"elementor-button-text\">Historia<\/span>\n\t\t\t\t\t<\/span>\n\t\t\t\t\t<\/a>\n\t\t\t\t\t\t\t\t<\/div>\n\t\t\t\t<div class=\"elementor-element elementor-element-1a95f05a elementor-mobile-align-center elementor-widget-mobile__width-inherit elementor-widget elementor-widget-button\" data-id=\"1a95f05a\" data-element_type=\"widget\" data-e-type=\"widget\" data-widget_type=\"button.default\">\n\t\t\t\t\t\t\t\t\t\t<a class=\"elementor-button elementor-button-link elementor-size-sm\" href=\"https:\/\/isometradg.com\/sitios%20historicos%20Leon\/index.php\/museo-primo-quiroz\/#fotos\">\n\t\t\t\t\t\t<span class=\"elementor-button-content-wrapper\">\n\t\t\t\t\t\t\t\t\t<span class=\"elementor-button-text\">Fotos<\/span>\n\t\t\t\t\t<\/span>\n\t\t\t\t\t<\/a>\n\t\t\t\t\t\t\t\t<\/div>\n\t\t\t\t<div class=\"elementor-element elementor-element-37922b25 elementor-widget elementor-widget-button\" data-id=\"37922b25\" data-element_type=\"widget\" data-e-type=\"widget\" data-widget_type=\"button.default\">\n\t\t\t\t\t\t\t\t\t\t<a class=\"elementor-button elementor-button-link elementor-size-sm\" href=\"https:\/\/isometradg.com\/sitios%20historicos%20Leon\/index.php\/museo-primo-quiroz\/#llegar\">\n\t\t\t\t\t\t<span class=\"elementor-button-content-wrapper\">\n\t\t\t\t\t\t\t\t\t<span class=\"elementor-button-text\">C\u00f3mo llegar<\/span>\n\t\t\t\t\t<\/span>\n\t\t\t\t\t<\/a>\n\t\t\t\t\t\t\t\t<\/div>\n\t\t\t\t<\/div>\n\t\t\t\t\t<\/div>\n\t\t\t\t<\/div>\n\t\t<div class=\"elementor-element elementor-element-3c3eb6d4 e-con-full e-flex e-con e-parent\" data-id=\"3c3eb6d4\" data-element_type=\"container\" data-e-type=\"container\" data-settings=\"{&quot;background_background&quot;:&quot;classic&quot;}\">\n\t\t<div class=\"elementor-element elementor-element-1c052d98 e-con-full e-flex e-con e-child\" data-id=\"1c052d98\" data-element_type=\"container\" data-e-type=\"container\" data-settings=\"{&quot;background_background&quot;:&quot;classic&quot;,&quot;background_motion_fx_motion_fx_scrolling&quot;:&quot;yes&quot;,&quot;background_motion_fx_translateY_effect&quot;:&quot;yes&quot;,&quot;background_motion_fx_translateY_speed&quot;:{&quot;unit&quot;:&quot;px&quot;,&quot;size&quot;:10,&quot;sizes&quot;:[]},&quot;background_motion_fx_translateY_affectedRange&quot;:{&quot;unit&quot;:&quot;%&quot;,&quot;size&quot;:&quot;&quot;,&quot;sizes&quot;:{&quot;start&quot;:0,&quot;end&quot;:100}},&quot;background_motion_fx_devices&quot;:[&quot;desktop&quot;,&quot;tablet&quot;,&quot;mobile&quot;]}\">\n\t\t<div class=\"elementor-element elementor-element-4df5949a e-con-full e-flex elementor-invisible e-con e-child\" data-id=\"4df5949a\" data-element_type=\"container\" data-e-type=\"container\" data-settings=\"{&quot;background_background&quot;:&quot;classic&quot;,&quot;animation&quot;:&quot;slideInUp&quot;}\">\n\t\t\t\t<div class=\"elementor-element elementor-element-33ba358a elementor-widget elementor-widget-heading\" data-id=\"33ba358a\" data-element_type=\"widget\" data-e-type=\"widget\" data-widget_type=\"heading.default\">\n\t\t\t\t\t<h2 class=\"elementor-heading-title elementor-size-default\">Museo Primo Quiroz\/Equipo Le\u00f3n<\/h2>\t\t\t\t<\/div>\n\t\t\t\t<div class=\"elementor-element elementor-element-4fa313fc elementor-widget elementor-widget-heading\" data-id=\"4fa313fc\" data-element_type=\"widget\" data-e-type=\"widget\" data-widget_type=\"heading.default\">\n\t\t\t\t\t<h2 class=\"elementor-heading-title elementor-size-default\">El museo creado por el exdirectivo Primo Quiroz alberga una colecci\u00f3n de m\u00e1s de 20 mil fotograf\u00edas y art\u00edculos de colecci\u00f3n del Club Le\u00f3n; se ubica en el coraz\u00f3n del Barrio Arriba<\/h2>\t\t\t\t<\/div>\n\t\t\t\t<\/div>\n\t\t\t\t<\/div>\n\t\t\t\t<\/div>\n\t\t<div class=\"elementor-element elementor-element-2cf422cd e-con-full e-flex e-con e-parent\" data-id=\"2cf422cd\" data-element_type=\"container\" data-e-type=\"container\">\n\t\t<div class=\"elementor-element elementor-element-4ef739ed e-con-full e-flex e-con e-child\" data-id=\"4ef739ed\" data-element_type=\"container\" data-e-type=\"container\" data-settings=\"{&quot;background_background&quot;:&quot;classic&quot;}\">\n\t\t\t\t<div class=\"elementor-element elementor-element-16c4efe0 elementor-widget__width-initial elementor-widget elementor-widget-heading\" data-id=\"16c4efe0\" data-element_type=\"widget\" data-e-type=\"widget\" id=\"historia\" data-widget_type=\"heading.default\">\n\t\t\t\t\t<h2 class=\"elementor-heading-title elementor-size-default\">Historia<\/h2>\t\t\t\t<\/div>\n\t\t\t\t<\/div>\n\t\t<div class=\"elementor-element elementor-element-495ac661 e-con-full e-flex e-con e-child\" data-id=\"495ac661\" data-element_type=\"container\" data-e-type=\"container\">\n\t\t\t\t<div class=\"elementor-element elementor-element-2e1e5b68 elementor-widget__width-initial elementor-widget elementor-widget-heading\" data-id=\"2e1e5b68\" data-element_type=\"widget\" data-e-type=\"widget\" data-widget_type=\"heading.default\">\n\t\t\t\t\t<h2 class=\"elementor-heading-title elementor-size-default\">El Museo del Club Le\u00f3n, impulsado por el Dr. Primo Quiroz Dur\u00e1n, es un espacio dedicado a preservar los 80 a\u00f1os de historia (1944-2024) del equipo verdiblanco. Curado por Quiroz, el museo exhibe la trayectoria del club con pasi\u00f3n y amor, incluyendo el sal\u00f3n de la fama del equipo. \nCuradur\u00eda: Liderada por el destacado m\u00e9dico, historiador y exdirectivo del club, el Dr. Primo Quiroz, quien falleci\u00f3 en febrero de 2025.<\/h2>\t\t\t\t<\/div>\n\t\t\t\t<div class=\"elementor-element elementor-element-8fc25ac elementor-invisible elementor-widget elementor-widget-image\" data-id=\"8fc25ac\" data-element_type=\"widget\" data-e-type=\"widget\" data-settings=\"{&quot;_animation&quot;:&quot;fadeInRight&quot;}\" data-widget_type=\"image.default\">\n\t\t\t\t\t\t\t\t\t\t\t\t\t\t\t<img decoding=\"async\" src=\"https:\/\/isometradg.com\/sitios%20historicos%20Leon\/wp-content\/uploads\/elementor\/thumbs\/museo7-rm17xjhhjmdxilki82uqkzp1c34juofovs5x291pjc.jpeg\" title=\"museo7\" alt=\"museo7\" loading=\"lazy\" \/>\t\t\t\t\t\t\t\t\t\t\t\t\t\t\t<\/div>\n\t\t\t\t<\/div>\n\t\t<div class=\"elementor-element elementor-element-3c652a83 e-con-full e-flex e-con e-child\" data-id=\"3c652a83\" data-element_type=\"container\" data-e-type=\"container\">\n\t\t\t\t<div class=\"elementor-element elementor-element-6751022f elementor-invisible elementor-widget elementor-widget-image\" data-id=\"6751022f\" data-element_type=\"widget\" data-e-type=\"widget\" data-settings=\"{&quot;_animation&quot;:&quot;fadeInLeft&quot;}\" data-widget_type=\"image.default\">\n\t\t\t\t\t\t\t\t\t\t\t\t\t\t\t<img decoding=\"async\" src=\"https:\/\/isometradg.com\/sitios%20historicos%20Leon\/wp-content\/uploads\/elementor\/thumbs\/museo6-rm17xijncscn6zlvdkg40hxkqp96mzbyjnifkz33pk.jpeg\" title=\"museo6\" alt=\"museo6\" loading=\"lazy\" \/>\t\t\t\t\t\t\t\t\t\t\t\t\t\t\t<\/div>\n\t\t\t\t<div class=\"elementor-element elementor-element-75e2337 elementor-widget__width-initial elementor-widget elementor-widget-heading\" data-id=\"75e2337\" data-element_type=\"widget\" data-e-type=\"widget\" data-widget_type=\"heading.default\">\n\t\t\t\t\t<h2 class=\"elementor-heading-title elementor-size-default\">El Club Le\u00f3n ha marcado la historia e identidad de este municipio, y con esa importancia el exdirectivo Primo Quiroz, quien ha dedicado gran parte de su vida a apoyar al club y que ahora comparte su pasi\u00f3n y legado con las nuevas generaciones en un gesto de generosidad y amor por su ciudad natal.\nContenido: Recopila ocho d\u00e9cadas de historia, tradiciones y pasi\u00f3n de la instituci\u00f3n.\nObjetivo: Preservar la memoria del equipo y acercar su historia a los aficionados.<\/h2>\t\t\t\t<\/div>\n\t\t\t\t<\/div>\n\t\t<div class=\"elementor-element elementor-element-5d53de62 e-con-full e-flex e-con e-child\" data-id=\"5d53de62\" data-element_type=\"container\" data-e-type=\"container\" data-settings=\"{&quot;background_background&quot;:&quot;classic&quot;}\">\n\t\t\t\t<div class=\"elementor-element elementor-element-142bcb2c elementor-widget__width-initial elementor-widget elementor-widget-heading\" data-id=\"142bcb2c\" data-element_type=\"widget\" data-e-type=\"widget\" id=\"fotos\" data-widget_type=\"heading.default\">\n\t\t\t\t\t<h2 class=\"elementor-heading-title elementor-size-default\">Fotos<\/h2>\t\t\t\t<\/div>\n\t\t\t\t<\/div>\n\t\t\t\t<div class=\"elementor-element elementor-element-66e99bb3 elementor-arrows-position-inside elementor-pagination-position-outside elementor-widget elementor-widget-image-carousel\" data-id=\"66e99bb3\" data-element_type=\"widget\" data-e-type=\"widget\" data-settings=\"{&quot;slides_to_show&quot;:&quot;3&quot;,&quot;slides_to_scroll&quot;:&quot;1&quot;,&quot;lazyload&quot;:&quot;yes&quot;,&quot;autoplay_speed&quot;:0,&quot;speed&quot;:9000,&quot;navigation&quot;:&quot;both&quot;,&quot;autoplay&quot;:&quot;yes&quot;,&quot;pause_on_interaction&quot;:&quot;yes&quot;,&quot;infinite&quot;:&quot;yes&quot;}\" data-widget_type=\"image-carousel.default\">\n\t\t\t\t\t\t\t<div class=\"elementor-image-carousel-wrapper swiper\" role=\"region\" aria-roledescription=\"carousel\" aria-label=\"Image Carousel\" dir=\"ltr\">\n\t\t\t<div class=\"elementor-image-carousel swiper-wrapper\" aria-live=\"off\">\n\t\t\t\t\t\t\t\t<div class=\"swiper-slide\" role=\"group\" aria-roledescription=\"slide\" aria-label=\"1 of 13\"><figure class=\"swiper-slide-inner\"><img class=\"swiper-slide-image swiper-lazy\" data-src=\"https:\/\/isometradg.com\/sitios%20historicos%20Leon\/wp-content\/uploads\/elementor\/thumbs\/Museo-Primo-Quiroz-1-rm17xes9dlf2ajllklyfmg1dbtk34fpbbcbbigrgdc.jpg\" alt=\"Museo Primo Quiroz\" \/><div class=\"swiper-lazy-preloader\"><\/div><\/figure><\/div><div class=\"swiper-slide\" role=\"group\" aria-roledescription=\"slide\" aria-label=\"2 of 13\"><figure class=\"swiper-slide-inner\"><img class=\"swiper-slide-image swiper-lazy\" data-src=\"https:\/\/isometradg.com\/sitios%20historicos%20Leon\/wp-content\/uploads\/elementor\/thumbs\/museo12-rm17xmayw9pcvfaocp7g6e522wj0u0j60dj7cogazk.jpeg\" alt=\"museo12\" \/><div class=\"swiper-lazy-preloader\"><\/div><\/figure><\/div><div class=\"swiper-slide\" role=\"group\" aria-roledescription=\"slide\" aria-label=\"3 of 13\"><figure class=\"swiper-slide-inner\"><img class=\"swiper-slide-image swiper-lazy\" data-src=\"https:\/\/isometradg.com\/sitios%20historicos%20Leon\/wp-content\/uploads\/elementor\/thumbs\/museo11-rm17xld4pfo2jtc1i6stlwdlhinnmbffo8vpvehp5s.jpeg\" alt=\"museo11\" \/><div class=\"swiper-lazy-preloader\"><\/div><\/figure><\/div><div class=\"swiper-slide\" role=\"group\" aria-roledescription=\"slide\" aria-label=\"4 of 13\"><figure class=\"swiper-slide-inner\"><img class=\"swiper-slide-image swiper-lazy\" data-src=\"https:\/\/isometradg.com\/sitios%20historicos%20Leon\/wp-content\/uploads\/elementor\/thumbs\/museo10-rm17xkfailms87denoe71em4w4saembpc488e4j3c0.jpeg\" alt=\"museo10\" \/><div class=\"swiper-lazy-preloader\"><\/div><\/figure><\/div><div class=\"swiper-slide\" role=\"group\" aria-roledescription=\"slide\" aria-label=\"5 of 13\"><figure class=\"swiper-slide-inner\"><img class=\"swiper-slide-image swiper-lazy\" data-src=\"https:\/\/isometradg.com\/sitios%20historicos%20Leon\/wp-content\/uploads\/elementor\/thumbs\/museo9-rm17xkfailms87denoe71em4w4saembpc488e4j3c0.jpeg\" alt=\"museo9\" \/><div class=\"swiper-lazy-preloader\"><\/div><\/figure><\/div><div class=\"swiper-slide\" role=\"group\" aria-roledescription=\"slide\" aria-label=\"6 of 13\"><figure class=\"swiper-slide-inner\"><img class=\"swiper-slide-image swiper-lazy\" data-src=\"https:\/\/isometradg.com\/sitios%20historicos%20Leon\/wp-content\/uploads\/elementor\/thumbs\/museo8-rm17xjhgbrlhwlert5zkgwuoaqwx6x7yzzkqwukhi8.jpeg\" alt=\"museo8\" \/><div class=\"swiper-lazy-preloader\"><\/div><\/figure><\/div><div class=\"swiper-slide\" role=\"group\" aria-roledescription=\"slide\" aria-label=\"7 of 13\"><figure class=\"swiper-slide-inner\"><img class=\"swiper-slide-image swiper-lazy\" data-src=\"https:\/\/isometradg.com\/sitios%20historicos%20Leon\/wp-content\/uploads\/elementor\/thumbs\/museo7-rm17xjhgbrlhwlert5zkgwuoaqwx6x7yzzkqwukhi8.jpeg\" alt=\"museo7\" \/><div class=\"swiper-lazy-preloader\"><\/div><\/figure><\/div><div class=\"swiper-slide\" role=\"group\" aria-roledescription=\"slide\" aria-label=\"8 of 13\"><figure class=\"swiper-slide-inner\"><img class=\"swiper-slide-image swiper-lazy\" data-src=\"https:\/\/isometradg.com\/sitios%20historicos%20Leon\/wp-content\/uploads\/elementor\/thumbs\/museo6-rm17xijm4xk7kzg4ynkxwf37pd1jz848nux9fklvog.jpeg\" alt=\"museo6\" \/><div class=\"swiper-lazy-preloader\"><\/div><\/figure><\/div><div class=\"swiper-slide\" role=\"group\" aria-roledescription=\"slide\" aria-label=\"9 of 13\"><figure class=\"swiper-slide-inner\"><img class=\"swiper-slide-image swiper-lazy\" data-src=\"https:\/\/isometradg.com\/sitios%20historicos%20Leon\/wp-content\/uploads\/elementor\/thumbs\/museo5-rm17xhlry3ix9dhi456bbxbr3z66rj0ibq9ryan9uo.jpeg\" alt=\"museo5\" \/><div class=\"swiper-lazy-preloader\"><\/div><\/figure><\/div><div class=\"swiper-slide\" role=\"group\" aria-roledescription=\"slide\" aria-label=\"10 of 13\"><figure class=\"swiper-slide-inner\"><img class=\"swiper-slide-image swiper-lazy\" data-src=\"https:\/\/isometradg.com\/sitios%20historicos%20Leon\/wp-content\/uploads\/elementor\/thumbs\/museo4-rm17xgnxr9hmxriv9mrorfkailatjtwrzlmah0oo0w.jpeg\" alt=\"museo4\" \/><div class=\"swiper-lazy-preloader\"><\/div><\/figure><\/div><div class=\"swiper-slide\" role=\"group\" aria-roledescription=\"slide\" aria-label=\"11 of 13\"><figure class=\"swiper-slide-inner\"><img class=\"swiper-slide-image swiper-lazy\" data-src=\"https:\/\/isometradg.com\/sitios%20historicos%20Leon\/wp-content\/uploads\/elementor\/thumbs\/museo3-rm17xfq3kfgcm5k8f4d26xstx7fgc4t1ngyszqq274.jpeg\" alt=\"museo3\" \/><div class=\"swiper-lazy-preloader\"><\/div><\/figure><\/div><div class=\"swiper-slide\" role=\"group\" aria-roledescription=\"slide\" aria-label=\"12 of 13\"><figure class=\"swiper-slide-inner\"><img class=\"swiper-slide-image swiper-lazy\" data-src=\"https:\/\/isometradg.com\/sitios%20historicos%20Leon\/wp-content\/uploads\/elementor\/thumbs\/museo2-rm17xfq3kfgcm5k8f4d26xstx7fgc4t1ngyszqq274.jpeg\" alt=\"museo2\" \/><div class=\"swiper-lazy-preloader\"><\/div><\/figure><\/div><div class=\"swiper-slide\" role=\"group\" aria-roledescription=\"slide\" aria-label=\"13 of 13\"><figure class=\"swiper-slide-inner\"><img class=\"swiper-slide-image swiper-lazy\" data-src=\"https:\/\/isometradg.com\/sitios%20historicos%20Leon\/wp-content\/uploads\/elementor\/thumbs\/museo1-rm17xes9dlf2ajllklyfmg1dbtk34fpbbcbbigrgdc.jpeg\" alt=\"museo1\" \/><div class=\"swiper-lazy-preloader\"><\/div><\/figure><\/div>\t\t\t<\/div>\n\t\t\t\t\t\t\t\t\t\t\t\t<div class=\"elementor-swiper-button elementor-swiper-button-prev\" role=\"button\" tabindex=\"0\">\n\t\t\t\t\t\t<svg aria-hidden=\"true\" class=\"e-font-icon-svg e-eicon-chevron-left\" viewBox=\"0 0 1000 1000\" xmlns=\"http:\/\/www.w3.org\/2000\/svg\"><path d=\"M646 125C629 125 613 133 604 142L308 442C296 454 292 471 292 487 292 504 296 521 308 533L604 854C617 867 629 875 646 875 663 875 679 871 692 858 704 846 713 829 713 812 713 796 708 779 692 767L438 487 692 225C700 217 708 204 708 187 708 171 704 154 692 142 675 129 663 125 646 125Z\"><\/path><\/svg>\t\t\t\t\t<\/div>\n\t\t\t\t\t<div class=\"elementor-swiper-button elementor-swiper-button-next\" role=\"button\" tabindex=\"0\">\n\t\t\t\t\t\t<svg aria-hidden=\"true\" class=\"e-font-icon-svg e-eicon-chevron-right\" viewBox=\"0 0 1000 1000\" xmlns=\"http:\/\/www.w3.org\/2000\/svg\"><path d=\"M696 533C708 521 713 504 713 487 713 471 708 454 696 446L400 146C388 133 375 125 354 125 338 125 325 129 313 142 300 154 292 171 292 187 292 204 296 221 308 233L563 492 304 771C292 783 288 800 288 817 288 833 296 850 308 863 321 871 338 875 354 875 371 875 388 867 400 854L696 533Z\"><\/path><\/svg>\t\t\t\t\t<\/div>\n\t\t\t\t\n\t\t\t\t\t\t\t\t\t<div class=\"swiper-pagination\"><\/div>\n\t\t\t\t\t\t\t\t\t<\/div>\n\t\t\t\t\t\t<\/div>\n\t\t<div class=\"elementor-element elementor-element-126a2566 e-con-full e-flex e-con e-child\" data-id=\"126a2566\" data-element_type=\"container\" data-e-type=\"container\" data-settings=\"{&quot;background_background&quot;:&quot;classic&quot;}\">\n\t\t\t\t<div class=\"elementor-element elementor-element-635835b8 elementor-widget__width-initial elementor-widget-mobile__width-initial elementor-widget elementor-widget-heading\" data-id=\"635835b8\" data-element_type=\"widget\" data-e-type=\"widget\" id=\"llegar\" data-widget_type=\"heading.default\">\n\t\t\t\t\t<h2 class=\"elementor-heading-title elementor-size-default\">C\u00f3mo llegar<\/h2>\t\t\t\t<\/div>\n\t\t\t\t<\/div>\n\t\t\t\t<div class=\"elementor-element elementor-element-16eff02 elementor-widget elementor-widget-google_maps\" data-id=\"16eff02\" data-element_type=\"widget\" data-e-type=\"widget\" data-widget_type=\"google_maps.default\">\n\t\t\t\t\t\t\t<div class=\"elementor-custom-embed\">\n\t\t\t<iframe loading=\"lazy\"\n\t\t\t\t\tsrc=\"https:\/\/maps.google.com\/maps?q=Constancia%20311%20A%2C%20Obregon%2C%2037320%20Le%C3%B3n%20de%20los%20Aldama%2C%20Gto.&#038;t=m&#038;z=16&#038;output=embed&#038;iwloc=near\"\n\t\t\t\t\ttitle=\"Constancia 311 A, Obregon, 37320 Le\u00f3n de los Aldama, Gto.\"\n\t\t\t\t\taria-label=\"Constancia 311 A, Obregon, 37320 Le\u00f3n de los Aldama, Gto.\"\n\t\t\t><\/iframe>\n\t\t<\/div>\n\t\t\t\t\t\t<\/div>\n\t\t\t\t<\/div>\n\t\t\t\t<\/div>\n\t\t","protected":false},"excerpt":{"rendered":"<p>Inicio Historia Fotos C\u00f3mo llegar Museo Primo Quiroz\/Equipo Le\u00f3n El museo creado por el exdirectivo Primo Quiroz alberga una colecci\u00f3n de m\u00e1s de 20 mil fotograf\u00edas y art\u00edculos de colecci\u00f3n del Club Le\u00f3n; se ubica en el coraz\u00f3n del Barrio Arriba Historia El Museo del Club Le\u00f3n, impulsado por el Dr. Primo Quiroz Dur\u00e1n, es [&hellip;]<\/p>\n","protected":false},"author":1,"featured_media":0,"parent":0,"menu_order":0,"comment_status":"closed","ping_status":"closed","template":"elementor_canvas","meta":{"footnotes":""},"class_list":["post-96","page","type-page","status-publish","hentry"],"_links":{"self":[{"href":"https:\/\/isometradg.com\/sitios%20historicos%20Leon\/index.php\/wp-json\/wp\/v2\/pages\/96","targetHints":{"allow":["GET"]}}],"collection":[{"href":"https:\/\/isometradg.com\/sitios%20historicos%20Leon\/index.php\/wp-json\/wp\/v2\/pages"}],"about":[{"href":"https:\/\/isometradg.com\/sitios%20historicos%20Leon\/index.php\/wp-json\/wp\/v2\/types\/page"}],"author":[{"embeddable":true,"href":"https:\/\/isometradg.com\/sitios%20historicos%20Leon\/index.php\/wp-json\/wp\/v2\/users\/1"}],"replies":[{"embeddable":true,"href":"https:\/\/isometradg.com\/sitios%20historicos%20Leon\/index.php\/wp-json\/wp\/v2\/comments?post=96"}],"version-history":[{"count":10,"href":"https:\/\/isometradg.com\/sitios%20historicos%20Leon\/index.php\/wp-json\/wp\/v2\/pages\/96\/revisions"}],"predecessor-version":[{"id":300,"href":"https:\/\/isometradg.com\/sitios%20historicos%20Leon\/index.php\/wp-json\/wp\/v2\/pages\/96\/revisions\/300"}],"wp:attachment":[{"href":"https:\/\/isometradg.com\/sitios%20historicos%20Leon\/index.php\/wp-json\/wp\/v2\/media?parent=96"}],"curies":[{"name":"wp","href":"https:\/\/api.w.org\/{rel}","templated":true}]}}